me factors of z.
2, 43
Let y = -8 - -62. Let q be ((-1)/(-3))/(6/y). Suppose t - q*t = -4. What are the prime factors of t?
2
Suppose -8*b - 3*h = -6*b - 310, 2*b + 5*h - 302 = 0. What are the prime factors of b?
7, 23
Suppose 3*k + 615 = -2*s, -4*k + 2*k + s - 403 = 0. Let l = k - -116. What are the prime factors of (1/3)/((-1)/l)?
29
Let x be -4 - -1 - (-2 + -1). Suppose -5*w = -x*w - 20. Let l = w + 8. What are the prime factors of l?
2, 3
Suppose -5539 = -4*u - 4*n + 2661, 5*u - 10250 = 5*n. What are the prime factors of u?
2, 5, 41
Suppose 4*l - 300 = 2*l. Suppose 420 = 3*t + m, t - 3*m - l = -0*t. Suppose 0 = 5*h - t - 19. What are the prime factors of h?
2
Suppose 5*z - 3*v - 3145 = 0, 4*z - 2516 = -167*v + 168*v. List the prime factors of z.
17, 37
Let p = 506 - -67. What are the prime factors of p?
3, 191
Let c(t) = -6*t + 13. Let j be c(6). Suppose 4*w = 6*w + 84. Let g = j - w. What are the prime factors of g?
19
Let s be 6/((-6)/3 - -4). Suppose 115 = 4*g - 5*i, 0 = 2*i + i - s. List the prime factors of g.
2, 3, 5
Suppose 2*z - 3 = -5, 3*z = -a + 43. Suppose -o + 68 = -a. What are the prime factors of o?
2, 3, 19
Let k(j) = j**2 + j. Let z(i) = 3*i**2 - 11*i - 4. Let v(m) = -4*k(m) + z(m). What are the prime factors of v(-9)?
2, 5
Let m(t) = t**2 + 49. What are the prime factors of m(15)?
2, 137
Suppose -y + 2*t - 12 = 0, -5*y + 0*t = t + 71. Let h = 61 + y. What are the prime factors of h?
47
Suppose -5*f = v - 2*f + 27, -2*f - 70 = 5*v. Let o = 17 + v. Suppose -o*q - 5*m + 175 = 0, 2*q - 5*m - 63 = -0*m. List the prime factors of q.
2, 17
Suppose -901 = -d + 4*c, -d = 4*c - 643 - 290. List the prime factors of d.
7, 131
Suppose 9*a + 2 = 4664. Let x = a + -363. What are the prime factors of x?
5, 31
Let z = 9580 - 5998. List the prime factors of z.
2, 3, 199
Suppose -3*t - 113 = -h, -t = 4*h + t - 480. Let k = h - 62. What are the prime factors of k?
3, 19
What are the prime factors of 7657/38 - (-6)/4?
7, 29
Let a(l) = 5*l - 1. Let h be a(3). Let u = h + -7. Let s = u - -27. List the prime factors of s.
2, 17
Let t(n) = -n**3 - 4*n**2 - n - 10. Let k be t(-5). Let s be k/(-5) + -60 + 1. Let c = -27 - s. What are the prime factors of c?
2, 3
What are the prime factors of (36/(11 - 5))/((-10)/(-2075))?
3, 5, 83
Let u(o) = -o**3 + 5*o**2 - 1. Let j be u(5). Let d(h) be the third derivative of -h**4/8 + h**3/6 - h**2. What are the prime factors of d(j)?
2
Suppose -3*j + 3647 = -2*n - 787, 3*j = 3*n + 4431. List the prime factors of j.
2, 5, 37
Suppose -p + 5 = -0*p. Suppose 5*a = p*x - 15, -2 + 1 = -x + 2*a. Suppose 4 = l, 3*g - 71 = x*l + 56. List the prime factors of g.
7
Let f(j) = -56*j**2 - j. Let v be f(-2). Let t = -124 - v. List the prime factors of t.
2, 7
Let y(v) = v**3 + 18*v**2 + 53. What are the prime factors of y(-9)?
2, 17, 23
Suppose 2*f + 2*o - 6474 = 0, 5*f - 21495 = 4*o - 5337. What are the prime factors of f?
2, 3, 7, 11
Let v = -26 + 30. Suppose 0 = -0*k - v*k + 36. List the prime factors of k.
3
Let m be ((-9)/(-6))/((15/(-8))/5). What are the prime factors of 6*(68/6 + m)?
2, 11
Let v(w) = -28*w. Let h be v(7). Let y be 2*(1 + h/8). Let a = -34 - y. What are the prime factors of a?
13
Let p = 12 - 22. Let a = p + 55. What are the prime factors of a?
3, 5
Let q be -1 + 5 + (1 - (-6 - -7)). Suppose q*m = -3*y + 954, -7*y - 318 = -8*y + 4*m. List the prime factors of y.
2, 3, 53
Let k(s) = -2*s + 0*s**3 + 7*s**3 - 4*s**3 + 2*s**2 + 3*s**3 + 2. Let x be k(2). Let l = -33 + x. List the prime factors of l.
3, 7
Let n(w) = w**2 - 3*w + 9. Let h be (-10)/(-5) + (-6)/3. List the prime factors of n(h).
3
Let d = 45 - -10. List the prime factors of (2/(-7) + d/(-77))*-181.
181
Suppose -5*n - 6 = -m - 31, -3*n = 5*m - 15. Suppose -59 = -2*q + 3*f, n*q - 3*q + f = 63. What are the prime factors of q?
31
Suppose 12 = -2*g + 6. What are the prime factors of (-502 + g)*4/(-10)?
2, 101
Let o(u) be the first derivative of -u**4/2 - 7*u**3/3 - u**2/2 + 7. Let a be o(-3). Let v(k) = -11*k - 3. What are the prime factors of v(a)?
3, 7
Let x = 10 - 7. Let i(k) = k**3 - 11*k**2 - 25*k - 7. Let d be i(13). List the prime factors of x/d - 69/(-2).
5, 7
Suppose -5*m + 6192 = 11*m. What are the prime factors of m?
3, 43
Suppose -3*j + 114 = -123. List the prime factors of j.
79
What are the prime factors of (-6677)/(-4) + (-18)/48*-2?
2, 5, 167
Suppose 3*k + 3*w = -0*w - 66, 3*w = -5*k - 102. Let y be (-172)/(-22) - k/99. What are the prime factors of (-202)/(-18) - y/36?
11
Let d(x) = -9*x - 3. Let f(l) = 8*l + 2. Let v(o) = -3*d(o) - 4*f(o). Let g be v(1). Let t(q) = -4*q + 4. List the prime factors of t(g).
2, 5
Let w(v) = 12*v**2 - 19*v - 9. What are the prime factors of w(9)?
2, 3, 11
Suppose -f - 4*h + 192 = 0, h = -0*h + 5. What are the prime factors of f - (-4 + -1 + 1)?
2, 11
What are the prime factors of (260/(-65))/((-2)/151 + 0)?
2, 151
What are the prime factors of (224/(-10))/((-40)/300)?
2, 3, 7
Let s be 24*-3*3/(-6). Suppose 4*u - s = -k - 0*u, u = 3. What are the prime factors of k?
2, 3
Let c(t) = 3*t**3 + 2*t**2 - 4*t + 2. Let w = -8 + 10. Let i be c(w). Suppose 4*j - i = 98. List the prime factors of j.
31
Let q(o) = -9*o - 3. Let v be q(-2). Suppose 2*h = 2*n - n - 8, -5*h - v = 0. Suppose n*a + 6 = 3*a. What are the prime factors of a?
2, 3
Suppose h + 6 + 0 = 0. Let v(z) = z**2 + 3*z + 4. List the prime factors of v(h).
2, 11
Let o = -1475 - -2178. What are the prime factors of o?
19, 37
List the prime factors of 71/(4730/363 + -13).
3, 11, 71
Let g(h) = -15*h**2 + 3 - 16*h + 24*h**2 + 3 + 2 - h**3. Let y be g(6). Suppose l - y - 12 = 0. What are the prime factors of l?
2
Let k = 423 - -1171. What are the prime factors of k?
2, 797
Let n be 43 - 0/(0 - 2). Suppose -2*j = -73 - n. Suppose 0 = 3*s - 268 + j. List the prime factors of s.
2, 5, 7
Let f be (-3)/(-2)*(10960/(-6))/(-10). Suppose -49*c - f = -51*c. What are the prime factors of c?
137
Suppose 0 = -4*z - 6*z - 1610. Let i = z + 372. What are the prime factors of i?
211
List the prime factors of (-800)/30*13/(39/(-486)).
2, 3, 5
Let q(y) = 2*y**3 - 4*y**2 + 5*y - 3. Let c be q(3). Let b be c/((20/(-6))/5). Let p = -21 - b. List the prime factors of p.
2, 3
Let g = -69 - -64. List the prime factors of 10/g + 138 + 1.
137
Let w = 33 + -14. Suppose w*o = 14*o + 30. Suppose l - o = -5*t, 0*l + 2*l = 2*t + 48. List the prime factors of l.
3, 7
Let t(g) = -g**3 - 5*g**2 - 13*g + 19. What are the prime factors of t(-7)?
2, 13
Suppose -163 = 4*n + 41. Suppose -3*x = -w - 2, -3*w = -3*x + x - 1. List the prime factors of w - (n - (7 - 4)).
5, 11
What are the prime factors of 5074 - (-4 - (4 + -5 + -1))?
2, 3, 47
Let z = 688 + -253. List the prime factors of z.
3, 5, 29
Suppose n - 20 = 7. Let r = n - 64. Let a = r + 63. What are the prime factors of a?
2, 13
Let u(c) = 7*c**3 - 2*c**2 + 4*c - 3. Suppose -3*f - l + 8 = 2*f, -5*f = -4*l - 18. What are the prime factors of u(f)?
53
Let h be -6*(7/(-42))/((-1)/8). Let g(a) = a**3 + 11*a**2 + 14*a + 16. What are the prime factors of g(h)?
2, 3
Suppose -31*x + 44509 + 44275 = 0. What are the prime factors of x?
2, 179
Let j be -9*((-30)/(-9) + -3). Let n be -4*j/48*4. What are the prime factors of (-2 - n)/((-18)/222)?
37
Let h = 1606 + -1106. What are the prime factors of h?
2, 5
Let p(b) = b**3 - 8*b**2 - 13. Let x be p(11). Suppose -4*t = 4*s - 296, -2*t = -5*s + 3*t + x. What are the prime factors of s?
2, 3
Let k = -26 - -16. Let u = k - -14. Suppose -u*o - 80 = -2*r - 2*r, o = -3*r + 64. What are the prime factors of r?
3, 7
What are the prime factors of (2 - 9 - -264) + 4?
3, 29
Let i = -932 + 1744. Suppose -i = -6*p - p. List the prime factors of p.
2, 29
Let u(a) = -2*a + 1 - 7 + 3*a**3 - 4*a**3 + 9*a**2 - 4*a. Let w be u(8). Let o(j) = -j**2 + 10*j + 4. List the prime factors of o(w).
2
Suppose 9*z - 16 = 4*z + a, 5*a - 16 = z. Suppose h - 5 = -f, f + 40 = z*h - 0*f. List the prime factors of h.
3
Suppose -27728 = -8*a - 2672. Suppose 6*b + 6*b - a = 0. List the prime factors of b.
3, 29
Suppose 345 + 78 = -3*x. Let s = x + 257. Let n = 166 - s. What are the prime factors of n?
2, 5
Let f = 458 + -102. Let h = -254 + f. List the prime factors of h.
2, 3, 17
Let n(a) = a**3 - 3*a**2 - 10*a - 15. List the p